2. Give s(-675).
-8
Let s(m) = -2*m**2 + 689*m - 39843. Calculate s(271).
-6
Let s(w) = w**3 - 144*w**2 - 139*w - 1665. Calculate s(145).
-795
Let g(x) = -9*x**3 + 2*x**2 - 297*x - 1571. What is g(-5)?
1089
Let i(b) = 76711*b - 306836. What is i(4)?
8
Let x(q) = 2*q**2 - 778*q - 17994. Calculate x(-22).
90
Let r(n) = 2401679*n + 26418469. Calculate r(-11).
0
Let p(t) = -180531*t + 8123903. Give p(45).
8
Let o(b) = 3*b**2 + 2760*b + 519555. Calculate o(-656).
3
Let r(s) = 9*s**3 - 5*s**2 + 69*s - 277. Determine r(5).
1068
Let g(d) = -17550*d - 421328. Determine g(-24).
-128
Let c(t) = 19*t**2 + 277*t - 3224. Determine c(11).
2122
Let s(q) = -q**3 + 60*q**2 - 187*q + 41. Give s(3).
-7
Let l(j) = j**3 - 7*j**2 - 56*j + 200. What is l(-6)?
68
Let j(r) = -267*r - 15763. What is j(-61)?
524
Let k(m) = -2408*m - 269. Calculate k(1).
-2677
Let p(r) = 4*r**2 + 223*r + 2894. Calculate p(-22).
-76
Let n(m) = -4*m**2 + 49*m + 929. What is n(-14)?
-541
Let u(m) = -9177*m**2 - 137801*m - 2195. Give u(-15).
-5
Let n(y) = -923669*y - 12007731. Give n(-13).
-34
Let o(b) = -12*b**2 - 1582*b + 253. Calculate o(-132).
-11
Let p(m) = m**3 + 48*m**2 + 21*m + 716. What is p(-48)?
-292
Let c(f) = -5*f**2 - 369*f - 2248. What is c(-6)?
-214
Let z(h) = 29957*h - 8088385. Give z(270).
5
Let w(g) = 938*g + 138810. Calculate w(-148).
-14
Let q(n) = -1493*n - 43651. What is q(-29)?
-354
Let h(l) = 20*l**3 - 1246*l**2 + 370*l + 243. Give h(62).
119
Let p(f) = -2*f**2 + 382*f - 16693. Give p(124).
-77
Let g(h) = 29*h**2 - 134*h - 885. What is g(-7)?
1474
Let m(f) = -f**3 + 9*f**2 + 16*f - 213. What is m(8)?
-21
Let o(n) = n**3 + 141*n**2 - 145*n + 289. Calculate o(-142).
715
Let s(q) = 5432*q - 37972. Determine s(7).
52
Let g(u) = -u**3 + 82*u**2 + 2130*u - 347. Determine g(-21).
346
Let b(s) = -2*s**3 + 160*s**2 - 207*s + 752. What is b(79)?
-3119
Let f(p) = -1856*p - 16808. What is f(-9)?
-104
Let v(r) = -197636*r + 1778726. What is v(9)?
2
Let f(z) = 4188*z + 54030. What is f(-13)?
-414
Let b(x) = x**2 - 539855*x + 2699305. Determine b(5).
55
Let j(u) = 1127053*u + 4508229. Calculate j(-4).
17
Let t(y) = -5*y**3 - 1347*y**2 - 4524*y - 306. Calculate t(-266).
226
Let j(s) = -8*s**2 + 165*s - 400. Give j(18).
-22
Let a(f) = 26255*f - 10. Calculate a(0).
-10
Let f(p) = 5*p**2 - 35*p - 696. Calculate f(-9).
24
Let u(o) = -5*o**3 + 138*o**2 + 1412*o - 37962. Give u(28).
6
Let g(p) = -1707*p - 187738. What is g(-110)?
32
Let g(c) = 410*c - 211919. Determine g(517).
51
Let u(b) = -2*b**2 + 11745*b - 512795. Determine u(44).
113
Let p(n) = -3*n**3 - 162*n**2 - 522*n - 37880. Give p(-55).
-95
Let a(t) = 41*t**2 + 9788*t + 29353. Calculate a(-3).
358
Let l(r) = 76808*r + 2611464. Give l(-34).
-8
Let c(x) = 354*x + 8619. What is c(-24)?
123
Let u(z) = -4*z**2 - 1919*z + 205749. Calculate u(-570).
-21
Let a(y) = -2311*y - 97295. Determine a(-42).
-233
Let b(n) = 27978*n - 195818. Give b(7).
28
Let x(k) = -k**3 + 225*k**2 + 5700*k - 38. Give x(-23).
54
Let v(u) = u**2 + 1380*u - 36291. Determine v(27).
1698
Let g(r) = r**3 - 7*r**2 - 252*r + 2022. Determine g(8).
70
Let k(p) = 2*p**2 - 247269*p - 741820. What is k(-3)?
5
Let t(v) = -7*v**3 - 120*v**2 + 184*v - 64. Determine t(1).
-7
Let d(j) = -j**3 + 5*j**2 + 207*j + 1984. Give d(-10).
1414
Let w(d) = -2824*d - 951694. Calculate w(-337).
-6
Let y(m) = 554*m + 552. Give y(-1).
-2
Let t(g) = 1139*g**2 + 8298*g + 2261. Determine t(-7).
-14
Let h(g) = -40800*g - 3916803. Give h(-96).
-3
Let h(k) = 42435*k**2 - 8*k + 4. Determine h(0).
4
Let i(t) = -31*t**2 - 109*t - 329. Calculate i(-6).
-791
Let m(u) = 74*u + 11968. Give m(-164).
-168
Let l(m) = m**3 - 104*m**2 - 831*m - 7305. Calculate l(112).
-25
Let h(q) = 300*q**2 + 6034*q + 686. Calculate h(-20).
6
Let o(h) = 34342*h - 171639. Determine o(5).
71
Let s(o) = -22*o**2 + 390*o - 256. Calculate s(17).
16
Let j(l) = l**2 + 220*l + 9963. Give j(-109).
-2136
Let s(r) = -21802*r - 130829. Calculate s(-6).
-17
Let m(v) = 34*v**3 + v**2 - 21*v - 23. Give m(-1).
-35
Let n(r) = 2*r**3 - 2*r**2 + 20599*r + 82393. Determine n(-4).
-163
Let a(o) = 12237*o + 1394990. Calculate a(-114).
-28
Let t(x) = -16*x**3 + 200*x**2 + 153*x - 2980. What is t(12)?
8
Let q(f) = 158*f + 3241. Calculate q(-15).
871
Let i(l) = -4*l**2 - 15350*l - 122922. Calculate i(-8).
-378
Let q(v) = -v**3 + 227*v**2 + 8449*v + 34075. Give q(260).
15
Let k(o) = 2*o**2 - 181*o + 2107. Determine k(77).
28
Let k(p) = -p**3 + 21*p**2 + 659*p - 13623. Give k(20).
-43
Let n(c) = 216426*c - 31814629. Give n(147).
-7
Let k(m) = 8447*m - 4728. Calculate k(1).
3719
Let o(v) = v**2 - 207*v + 8356. Determine o(152).
-4
Let u(s) = s**3 + 30*s**2 - 23*s - 674. What is u(-30)?
16
Let g(k) = 6921*k + 7157. Determine g(-1).
236
Let m(g) = 6*g**2 + 875*g - 572. What is m(-147)?
457
Let d(k) = 22855*k + 22895. What is d(-1)?
40
Let p(t) = -91219*t + 273615. What is p(3)?
-42
Let c(v) = 108510*v + 21702006. Give c(-200).
6
Let b(z) = -z**3 - 73*z**2 - 34*z + 2216. What is b(-72)?
-520
Let j(z) = z**3 - 26*z**2 + 501*z - 5450. Determine j(16).
6
Let i(l) = l**2 + 844*l + 45631. Determine i(-58).
43
Let p(c) = 274998*c + 550084. Determine p(-2).
88
Let h(t) = -2396*t + 62319. What is h(26)?
23
Let x(l) = -l**3 - 94*l**2 - 1132*l - 252. Calculate x(-14).
-84
Let a(m) = -4*m**2 - 885*m + 41737. What is a(40)?
-63
Let r(g) = -1590*g + 976261. Give r(614).
1
Let q(c) = c**3 - 43*c**2 - 34*c + 4700. Determine q(41).
-56
Let s(y) = -y**2 + 60640*y - 1091178. Determine s(18).
18
Let p(b) = -b**3 + 66*b**2 + 37113*b - 2248371. What is p(60)?
9
Let z(n) = 2*n**2 + 21*n - 292. Calculate z(7).
-47
Let i(o) = 32000*o - 159982. Determine i(5).
18
Let f(x) = -2*x**2 - 415*x + 80406. Calculate f(122).
8
Let p(i) = i**2 + 366*i + 13287. Give p(-41).
-38
Let h(n) = -49687*n + 62655309. Give h(1261).
2
Let v(n) = -4629365*n + 9258729. Give v(2).
-1
Let v(l) = -264*l - 2590. What is v(-15)?
1370
Let g(f) = -10*f**2 - 468*f - 2103. Calculate g(-5).
-13
Let y(f) = 2*f**3 - 52*f**2 + 86*f - 1684. What is y(24)?
-1924
Let m(w) = -3*w**3 - 19*w**2 - 1385*w - 8344. What is m(-6)?
-70
Let c(b) = -28*b - 584. Give c(124).
-4056
Let s(a) = 19*a**2 + 811*a - 2535. Give s(-45).
-555
Let b(u) = -114*u - 979. Give b(-20).
1301
Let s(n) = n**3 + 33*n**2 + 302*n + 166. Determine s(-15).
-314
Let j(b) = -b**2 + 312*b + 8364. Determine j(-26).
-424
Let p(m) = 3*m**3 - 244*m**2 - 193*m + 3459. What is p(82)?
1081
Let m(s) = -216*s - 1881. Determine m(-8).
-153
Let z(t) = t**3 - 175*t**2 + 242*t - 11840. What is z(174)?
-8
Let i(h) = -h**3 + 28*h**2 - 910*h + 3978. Calculate i(5).
3
Let p(k) = k**2 - 243*k - 45629. Give p(-124).
-121
Let q(b) = 8*b**2 - 558*b + 5405. Determine q(58).
-47
Let u(k) = -3*k**2 + 300*k - 5603. Give u(22).
-455
Let a(t) = -1049*t**2 - 6318*t - 231. What is a(-6)?
-87
Let j(f) = f**2 + 29412*f + 352786. Give j(-12).
-14
Let m(t) = 134*t + 9054. Give m(-73).
-728
Let y(p) = -536*p**2 - 314631*p + 587. Give y(-587).
0
Let m(w) = 271*w**3 - 267*w**2 + 9*w - 9. Give m(0).
-9
Let u(y) = y**3 + 23*y**2 - 4*y + 637. Determine u(-23).
729
Let w(t) = -9*t**2 + 2064*t + 18796. Calculate w(-9).
-509
Let z(v) = 95538*v - 1146538. Give z(12).
-82
Let o(f) = 2994*f + 34927. Give o(-12).
-1001
Let j(p) = -1052*p + 163058. Give j(155).
-2
Let u(g) = 2*g**3 - 432*g**2 - 434*g + 24. What is u(217)?
24
Let d(s) = -5*s**2 - 117*s + 99137. Calculate d(-153).
-7
Let w(j) = -j**3 + 143*j**2 + 8017*j + 810. Give w(-43).
-7
Let d(z) = 3*z**3 + 122*z**2 - 4110*z - 76. What is d(22)?
496
Let j(a) = -1138*a + 67263. Calculate j(59).
121
Let d(c) = -781*c + 309890. Give d(397).
-167
Let y(p) = -p**3 + 30*p**2 + 1384*p - 462. Calculate y(55).
33
Let x(u) = 1130*u**2 + 21474*u + 64. What is x(-19)?
-12
Let b(w) = -w**3 + 3662*w**2 - 25581*w - 21. Calculate b(7).
7
Let o(s) = 6*s**2 - 178*s - 2384. What is o(-12)?
616
Let b(y) = -y**3 - 6*y**2 + 594*y + 4789. Determine b(-8).
165
Let j(s) = -399*s + 18595. What is j(46)?
241
Let k(l) = -l**3 + 31*l**2 + 143*l - 172. Calculate k(35).
-67
Let c(x) = -4*x**3 - 720*x**2 - 93*x - 16690. Determine c(-180).
50
Let w(z) = -4883*z - 10040. Determine w(-2).
-274
Let t(b) = b**2 + 189690*b - 3224993. Calculate t(17).
26
Let a(o) = -24*o**3 + 21432*o